 is the greatest common factor of y and 15?
15
Let f(a) = -a**2 + 4*a. Let z be f(4). Let r = 5 + z. Calculate the highest common divisor of 2 and r.
1
Let o(h) = -h + 1. Let j be o(-3). Let g = 10 + 26. What is the greatest common divisor of g and j?
4
Let m be (-4460)/(-35) - ((-8)/14 - 0). Calculate the highest common divisor of 16 and m.
16
Suppose 3*f + 3*f = 84. Calculate the highest common factor of f and 14.
14
Let d be (-8)/(-52) + (-89)/(-13). What is the highest common divisor of 28 and d?
7
Let a(m) = -4*m + 1. Let y be a(-3). Let c = 32 - y. What is the greatest common divisor of 209 and c?
19
Let n be -1 + 82 - -3 - 0. Calculate the greatest common divisor of n and 12.
12
Suppose 0 = 2*h - 2, -12 = -i - 7*h + 4*h. Suppose 104 - i = 5*o. What is the greatest common factor of 19 and o?
19
Let d = 25 + -16. Calculate the greatest common divisor of 63 and d.
9
Suppose n = -3*s + 79, 28 - 115 = -3*s - 3*n. Calculate the highest common divisor of s and 75.
25
Let s be 14*1 + -1 + -4 + 5. What is the highest common divisor of 2 and s?
2
Let z be -6 + (4 - 2) - 3. Let o(j) = 0*j + 2*j + 1 - 3*j. Let r be o(z). What is the highest common divisor of 56 and r?
8
Let p(b) = -4*b**3 - 4*b**2 - 8*b - 4. Let c be p(-3). Calculate the greatest common factor of c and 4.
4
Let r(p) = 23*p**3 + 3*p**2 - p - 1. Let c be r(1). What is the highest common factor of c and 8?
8
Suppose 4 = -n + 7. What is the greatest common factor of n and 27?
3
Let w be 25/(-10)*(-42)/5. Calculate the greatest common divisor of 147 and w.
21
Let p = 1 + -1. Suppose 0 = 3*h - 12, -3*c - 2*c + h + 41 = p. What is the highest common divisor of c and 6?
3
Let o(d) = -d + 1. Let l be o(0). Suppose 3*m - 5*w = 26, 0 = 3*m + 3*w + l + 5. Let h be (m + -3)*(-12 + -1). Calculate the highest common factor of h and 104.
13
Let i = -284 + 482. Calculate the highest common divisor of i and 22.
22
Suppose -2*l - 32 = -6*l. Let w = -186 + 261. Suppose -j + 5*r = -3*j + w, j + 2*r = 38. What is the highest common divisor of j and l?
8
Suppose 5*t = -20, 58 = -0*d + 3*d - 4*t. Calculate the greatest common divisor of d and 140.
14
Let d = 10 - -5. Suppose -32 = n + n - 3*b, 4*n - 5*b + 60 = 0. Let w = d + n. What is the highest common factor of w and 5?
5
Let w(h) = 18*h. Let s be w(1). Calculate the highest common factor of s and 2.
2
Let s = -21 + 6. Let r = s + 11. Let j be 3/(-6) + (-534)/r. What is the highest common factor of j and 19?
19
Suppose x - 5*x = 2*r - 72, -4*r + 105 = -5*x. Suppose 5*g = 84 + 86. Suppose 0 = 5*f - 16 - g. Calculate the highest common divisor of f and r.
10
Let u(n) = 8*n**2 - n - 5. Let f be u(-2). What is the highest common factor of 116 and f?
29
Let h(i) = 2*i**2 - 26*i - 27. Let c be h(15). Calculate the highest common divisor of c and 44.
11
Let l be 1*(-1 - -2) + 4. Suppose l*z = -2*v + 12, 7 = 5*z - v - 2. What is the greatest common divisor of 5 and z?
1
Let b(w) = -w**3 + w**2 + w + 861. Let k be b(0). Let i be k/18 - (-3)/18. What is the highest common factor of i and 12?
12
Let a(q) = -2*q + 65. Let u be a(24). What is the greatest common divisor of 187 and u?
17
Suppose i + 10 = -i. Let x(d) = -264*d**2 - 5 - 6*d + 130*d**2 - d**3 + 130*d**2. Let p be x(i). Calculate the greatest common factor of 10 and p.
10
Let f = -582 - -978. What is the highest common factor of 36 and f?
36
Let w = -12 - -18. Suppose u - w = -u. Suppose -4*r = -3*x - 111, -2*r + 2*x = -r - 34. Calculate the greatest common factor of u and r.
3
Suppose -4*b - 40 = -4*d, 4*d - 30 - 28 = -2*b. Suppose 7*f + d = 8*f. What is the greatest common divisor of f and 117?
13
Let y be 28/2 + 1*-2. Let a = -5 - -17. What is the greatest common factor of a and y?
12
Let w be 4*(14/(-4))/7. Let b be (-62)/(-1) - w - 1. Calculate the highest common divisor of 7 and b.
7
Let w be 4*1/2 + 14. Let n = -112 + 432. Suppose 0 = 3*r + r - n. What is the highest common divisor of w and r?
16
Suppose 2*z - 147 = -z. What is the highest common divisor of 7 and z?
7
Suppose 0 = -3*q - 3*r + 63, 4*r - 3 = 1. What is the highest common divisor of q and 8?
4
Suppose 0 = 2*r - 41 - 175. Let t = 52 + -40. What is the highest common factor of t and r?
12
Let n = 5 - 1. Calculate the highest common factor of n and 1.
1
Suppose -5*k - 467 = 68. Let c = k + 162. Calculate the highest common divisor of 22 and c.
11
Let t = 82 + -62. Let g(l) = -2*l**3 - 2*l**2 - l - 2. Let d be g(-2). Calculate the highest common divisor of d and t.
4
Let b be -10*(-4)/(-24)*-15. Calculate the highest common factor of b and 10.
5
Suppose 0 = -3*y - 0*y + 5*s + 2, 3*y = -s + 32. What is the greatest common divisor of 45 and y?
9
Suppose t - 5*t + 24 = 0. Suppose t = -2*i + 150. What is the highest common divisor of 18 and i?
18
Suppose 11 - 371 = -10*y. What is the highest common factor of y and 9?
9
Suppose -7*i + 8 = -2*i - 2*w, 5*i - 4*w = 16. Suppose -1 - 3 = 4*k + 2*s, -3*k + s + 7 = i. Calculate the greatest common factor of 2 and k.
1
Let s(z) = -z + 9. Let w be s(0). Suppose 2*h - w = 5. Calculate the greatest common divisor of h and 77.
7
Suppose -2*g = -5*g - 5*h + 27, -3*h = 4*g - 25. Suppose 68 = 4*b - 3*l, 2*b - g*l - 61 = -17. Calculate the highest common divisor of 56 and b.
14
Let d = 2 + 2. Suppose 2*n - 2*x = -10, 5*n - d*x = -0*x - 21. Let s be 1 + n + 45 - 0. What is the highest common divisor of s and 15?
15
Let f(i) = i**2 + 4*i - 7. Let m be -6 + (-2 + 2)/(-2). Let n be f(m). Let s = -1 + 3. Calculate the highest common divisor of s and n.
1
Suppose -33 = -2*g + 5*x, -3*g + 3*x = -0*x - 27. Let u(v) = 0*v + 4 + g*v + 9*v. Let s be u(4). Calculate the greatest common factor of 7 and s.
7
Let p be (-5)/(10/(-4)) - 2. Suppose -u + p*u = -5*a + 565, 4*a = u + 453. Calculate the highest common divisor of a and 14.
14
Suppose f = 2 + 3. Let y(k) = 14*k - 4. Let s be y(f). Let h = 2 - -4. What is the greatest common factor of s and h?
6
Let r be ((-4)/12)/(3/(-207)). Suppose 0 = 3*w + r - 128. What is the greatest common factor of w and 5?
5
Suppose 3*i + 1 - 82 = 0. Let u be -3*3/(i/(-42)). Let d(g) = g**3 + 8*g**2 + 7*g + 2. Let t be d(-7). What is the highest common factor of u and t?
2
Let z = -7 + 15. Let o be 6/8 + (-750)/(-24). Calculate the greatest common factor of o and z.
8
Suppose 88 = -3*d + 4*t, -3*t = 5*d - d + 159. Let z be (-460)/d - 2/(-9). Calculate the greatest common divisor of z and 52.
13
Suppose 4*i = -3*s + 70, 4*s - i = 4*i + 114. Calculate the highest common factor of 260 and s.
26
Let s be ((-8)/6)/(38/(-285)). What is the greatest common factor of 30 and s?
10
Suppose 2*t - 6*t + 4*b + 112 = 0, -b = -3*t + 78. Let v be 96/10 + (-6)/(-15). What is the highest common divisor of v and t?
5
Suppose -5*s = 6*z - 3*z - 19, 0 = z + s - 5. Suppose 6*b = z*b + 264. Calculate the greatest common divisor of b and 11.
11
Let o be (-1)/3 - (-20)/(-30). Let q be -3*(-6)/2 + o. What is the highest common factor of q and 88?
8
Suppose 2*f = 4*f - 8. Suppose -4*l - f*u = -136, -3*l + 73 = -u - 25. Suppose 0 = 9*q - 6*q - 9. Calculate the greatest common factor of l and q.
3
Suppose 0 = -5*n - 57 + 507. Let r be -5 + 2 + (-1 - -36). Suppose 5*l - 12 = 4*p - 136, p = l + r. What is the greatest common factor of n and p?
18
Suppose -2*o = -2*t - 3*o + 61, 3*o = t - 27. Calculate the greatest common divisor of t and 20.
10
Suppose -t - 14 = -8*t. Let u(h) = -h**3 - 2*h**2 - 2*h - 2. Let v be u(-2). Calculate the highest common factor of v and t.
2
Suppose -20*z + 208 = 48. Let s(l) = l**2 + 6*l. Let a be s(6). What is the highest common divisor of z and a?
8
Let b(r) = 151*r - 3. Let k be b(2). Let g = k - 90. What is the highest common divisor of g and 19?
19
Let w(f) = 16*f - 10. Let u be w(4). What is the greatest common factor of u and 135?
27
Let b(x) = 11 - 8*x**2 + 10*x - 3*x**2 - 4*x**2 + 11*x**2 - x**3. Let d be b(-7). Calculate the highest common factor of d and 8.
8
Let v be (-4)/3*(-105)/2. What is the greatest common factor of 7 and v?
7
Let y(x) = x**3 - 4*x**2 + x - 5. Let j be y(4). Let l be 13 + j - (8 - 9). Calculate the highest common divisor of 26 and l.
13
Let g(c) = 39*c**2 - 1. Let l be (2/(-3))/((-12)/(-18)). Let p be g(l). Calculate the greatest common factor of 19 and